 number?
True
Is 4566834689 prime?
False
Is 12051674069 a composite number?
False
Is 76472270839 composite?
False
Is 50404129357 a prime number?
False
Is 54226065022 prime?
False
Is 4774855 a prime number?
False
Is 8037942449 a prime number?
False
Is 421825143 a composite number?
True
Is 1407808111 composite?
False
Is 7272167099 a prime number?
False
Is 276933103 a composite number?
True
Is 1313493241 a composite number?
False
Is 100460431 a composite number?
True
Is 346261889 composite?
False
Is 12385451837 prime?
False
Is 6976967 composite?
True
Is 228032957 composite?
False
Is 4505935019 a composite number?
False
Is 6211588897 prime?
False
Is 705830849 composite?
True
Is 14101999763 prime?
False
Is 4978237078 prime?
False
Is 10506723803 a prime number?
True
Is 3860813017 prime?
False
Is 8868135011 prime?
False
Is 7673436889 a prime number?
True
Is 110670612167 a composite number?
False
Is 17800035509 composite?
False
Is 946837097 composite?
False
Is 2020399879 a composite number?
True
Is 44136223 a prime number?
False
Is 36106470809 prime?
True
Is 9980514437 a composite number?
True
Is 8033269813 a prime number?
False
Is 295075747 a composite number?
True
Is 625485467 prime?
True
Is 40262669173 composite?
False
Is 3907189021 a composite number?
True
Is 494831399 a prime number?
True
Is 100083352049 composite?
True
Is 101216749577 a prime number?
True
Is 3815592017 composite?
False
Is 100605873931 prime?
True
Is 10824353 composite?
False
Is 32108768197 a prime number?
False
Is 40406550713 composite?
True
Is 8748753257 prime?
False
Is 470631493 a composite number?
True
Is 8047791407 composite?
False
Is 5081370578 composite?
True
Is 1527593723 prime?
False
Is 17199295237 composite?
True
Is 63169099127 prime?
True
Is 1940504611 prime?
False
Is 1334618905 composite?
True
Is 106689931 composite?
False
Is 77544450523 a composite number?
False
Is 2928315959 a prime number?
True
Is 203814679 composite?
True
Is 52993892815 a prime number?
False
Is 288507943 prime?
False
Is 2437809181 a composite number?
True
Is 1699886791 composite?
True
Is 1254378049 a prime number?
True
Is 34823880023 a prime number?
False
Is 22880348923 composite?
False
Is 798246959 prime?
False
Is 37175501861 a composite number?
True
Is 61040886037 a prime number?
True
Is 2754878213 a composite number?
False
Is 27511997921 composite?
False
Is 7893018737 a prime number?
False
Is 15555249043 prime?
False
Is 1364142239 composite?
False
Is 1006460207 a prime number?
False
Is 23147604083 prime?
False
Is 19506950399 prime?
True
Is 873180491 prime?
True
Is 652877189 composite?
False
Is 13945685401 a prime number?
True
Is 381626279 composite?
False
Is 406504067 a prime number?
False
Is 2019358097 prime?
True
Is 1378756181 a composite number?
True
Is 150368711 prime?
True
Is 174800467 composite?
False
Is 758255873 a prime number?
True
Is 3699276571 prime?
True
Is 5141480879 a composite number?
False
Is 99995860193 prime?
True
Is 182319354941 composite?
False
Is 2656994069 prime?
True
Is 19952741483 a composite number?
False
Is 6146678947 prime?
True
Is 7724720254 a composite number?
True
Is 1386333535 prime?
False
Is 49750036571 prime?
False
Is 25458639611 prime?
True
Is 989288977 a composite number?
True
Is 85891089629 prime?
False
Is 13234243049 composite?
False
Is 94515996233 a prime number?
False
Is 13373593589 a composite number?
True
Is 26773954727 composite?
True
Is 4029045497 a composite number?
True
Is 37556410343 a composite number?
True
Is 149348981 a prime number?
False
Is 27447969547 a prime number?
True
Is 8563597193 a composite number?
False
Is 3137588681 a prime number?
True
Is 321906131 a composite number?
False
Is 1855997789 a composite number?
True
Is 8209851851 composite?
False
Is 2477583193 a composite number?
False
Is 30109000235 composite?
True
Is 209098711 prime?
False
Is 6990767249 a composite number?
True
Is 46771161587 prime?
True
Is 28595624357 composite?
True
Is 6088460173 a prime number?
True
Is 25974819635 a prime number?
False
Is 5407655821 prime?
False
Is 750762017 a prime number?
True
Is 70458432991 composite?
True
Is 1727446411 prime?
False
Is 41310110701 a prime number?
True
Is 1525820077 prime?
False
Is 335987998 a prime number?
False
Is 203029313 composite?
False
Is 9132582229 composite?
False
Is 7548699413 a prime number?
True
Is 54938442953 composite?
False
Is 662639143 a prime number?
True
Is 177298339 prime?
False
Is 543017039 prime?
True
Is 8447939943 prime?
False
Is 76113473 prime?
False
Is 2474189747 prime?
False
Is 6895751041 composite?
False
Is 900135433 prime?
True
Is 77408013431 a prime number?
False
Is 1043273599 a prime number?
False
Is 53066942029 a prime number?
True
Is 9814362263 prime?
True
Is 174035711 composite?
True
Is 171167824943 prime?
False
Is 10143402091 a prime number?
False
Is 3445276181 composite?
False
Is 704950573 a prime number?
True
Is 15834303059 a composite number?
False
Is 6255014953 prime?
False
Is 29481176299 composite?
True
Is 9535901347 composite?
True
Is 1868019619 prime?
False
Is 16159140563 composite?
True
Is 176203819 a prime number?
False
Is 21447716243 prime?
True
Is 3565562993 prime?
True
Is 57409549 a prime number?
False
Is 1443458971 composite?
True
Is 44814821 prime?
True
Is 28511836819 a prime number?
True
Is 2731713091 a composite number?
False
Is 14485752043 a composite number?
True
Is 15239894003 prime?
True
Is 1827893633 a prime number?
False
Is 8772437081 prime?
False
Is 51087011 prime?
False
Is 2210918711 a prime number?
False
Is 14432086373 prime?
False
Is 31999295 composite?
True
Is 227982336583 composite?
True
Is 256490011 composite?
True
Is 8165341127 a composite number?
False
Is 9913472663 a prime number?
False
Is 649488907 composite?
False
Is 6075122639 prime?
True
Is 6400682758 a composite number?
True
Is 92445574987 prime?
True
Is 304956955753 prime?
False
Is 81568871549 composite?
True
Is 305620093 a composite number?
False
Is 12184196749 prime?
True
Is 106936185197 prime?
False
Is 1060924327 composite?
False
Is 113272240461 a prime number?
False
Is 9370973197 composite?
False
Is 3051132797 composite?
False
Is 10974614209 composite?
True
Is 823468157 prime?
True
Is 14637422087 a prime number?
False
Is 33960853 composite?
False
Is 703774529 composite?
True
Is 1422033907 prime?
False
Is 930014317 prime?
True
Is 47628677 a composite number?
False
Is 49232530505 prime?
False
Is 960315487 a prime number?
False
Is 1058842013 a prime number?
False
Is 354769423 prime?
True
Is 2354601387 a composite number?
True
Is 93893302861 a composite number?
True
Is 11103000287 a prime number?
False
Is 905103763 a composite number?
False
Is 1574022383 a composite number?
True
Is 5355815977 a composite number?
False
Is 30865399463 a composite number?
False
Is 34399518277 prime?
True
Is 93753551 a prime number?
False
Is 9564900019 composite?
False
Is 1676226661 composite?
True
Is 3590408807 a prime number?
True
Is 71733997 a prime number?
True
Is 13212555017 composite?
True
Is 639911999 prime?
False
Is 900442401 composite?
True
Is 7129613459 composite?
True
Is 1675173593 composite?
False
Is 53658234973 a prime number?
False
Is 3170186323 composite?
True
Is 83376781 a prime number?
True
Is 9757350293 composite?
False
Is 6662472529 a composite number?
True
Is 16510319191 a composite number?
True
Is 7179049463 prime?
True
Is 13496937117 prime?
False
Is 502374217 a composite number?
True
Is 5282567 prime?
True
Is 560660701 prime?
True
Is 30119494409 a prime number?
False
Is 1243837721 composite?
True
Is 20000946623 a composite number?
True
Is 3233273683 a composite number?
False
Is 22919011 prime?
True
Is 12515574931 prime?
False
Is 19578740794 a prime number?
False
Is 2848355063 a composite number?
True
Is 32558208557 prime?
False
Is 395583533 a composite number?
True
Is 327227533 a prime number?
False
Is 4556866519 composite?
False
Is 49659895717 prime?
False
Is 224904527 prime?
False
Is 2788651031 a prime number?
False
Is 5415744793 a composite number?
False
Is 5758860761 composite?
False
Is 304646803 a composite number?
False
Is 101174421559 composite?
False
Is 8221113091 prime?
True
Is 10729862123 a prime number?
True
Is 74428757231 a composite number?
True
Is 3503677603 prime?
True
Is 2450104411 prime?
